{"id":143,"date":"2021-01-21T16:53:54","date_gmt":"2021-01-21T15:53:54","guid":{"rendered":"http:\/\/localhost\/WordPress\/?page_id=143"},"modified":"2026-02-02T16:01:02","modified_gmt":"2026-02-02T15:01:02","slug":"oferta","status":"publish","type":"page","link":"https:\/\/w-pokoiku.pl\/index.php\/oferta\/","title":{"rendered":"PROJEKTY INDYWIDUALNE"},"content":{"rendered":"\n<div class=\"wp-block-group\"><div class=\"wp-block-group__inner-container is-layout-flow wp-block-group-is-layout-flow\">\n<div class=\"wp-block-columns is-layout-flex wp-container-core-columns-is-layout-9d6595d7 wp-block-columns-is-layout-flex\">\n<div class=\"wp-block-column is-layout-flow wp-block-column-is-layout-flow\"><\/div>\n\n\n\n<div class=\"wp-block-column is-layout-flow wp-block-column-is-layout-flow\"><\/div>\n<\/div>\n<\/div><\/div>\n\n\n\n<p class=\"has-medium-font-size\"><strong>\u201eOD POMYS\u0141U DO KONCEPCJI\u201d<\/strong><\/p>\n\n\n\n<figure class=\"wp-block-gallery has-nested-images columns-default is-cropped wp-block-gallery-1 is-layout-flex wp-block-gallery-is-layout-flex\">\n<figure class=\"wp-block-image size-medium\"><img loading=\"lazy\" decoding=\"async\" width=\"500\" height=\"375\" data-id=\"1780\" src=\"https:\/\/w-pokoiku.pl\/wp-content\/uploads\/2026\/01\/2C-500x375.jpg\" alt=\"projektowanie wn\u0119trz\" class=\"wp-image-1780\" srcset=\"https:\/\/w-pokoiku.pl\/wp-content\/uploads\/2026\/01\/2C-500x375.jpg 500w, https:\/\/w-pokoiku.pl\/wp-content\/uploads\/2026\/01\/2C-1024x768.jpg 1024w, https:\/\/w-pokoiku.pl\/wp-content\/uploads\/2026\/01\/2C-300x225.jpg 300w, https:\/\/w-pokoiku.pl\/wp-content\/uploads\/2026\/01\/2C-768x576.jpg 768w, https:\/\/w-pokoiku.pl\/wp-content\/uploads\/2026\/01\/2C-1536x1152.jpg 1536w, https:\/\/w-pokoiku.pl\/wp-content\/uploads\/2026\/01\/2C-80x60.jpg 80w, https:\/\/w-pokoiku.pl\/wp-content\/uploads\/2026\/01\/2C.jpg 1600w\" sizes=\"auto, (max-width: 500px) 100vw, 500px\" \/><\/figure>\n\n\n\n<figure class=\"wp-block-image size-large\"><img loading=\"lazy\" decoding=\"async\" width=\"1024\" height=\"768\" data-id=\"1779\" src=\"https:\/\/w-pokoiku.pl\/wp-content\/uploads\/2026\/01\/2-1024x768.jpg\" alt=\"projektowanie wnetrz\" class=\"wp-image-1779\" srcset=\"https:\/\/w-pokoiku.pl\/wp-content\/uploads\/2026\/01\/2-1024x768.jpg 1024w, https:\/\/w-pokoiku.pl\/wp-content\/uploads\/2026\/01\/2-500x375.jpg 500w, https:\/\/w-pokoiku.pl\/wp-content\/uploads\/2026\/01\/2-300x225.jpg 300w, https:\/\/w-pokoiku.pl\/wp-content\/uploads\/2026\/01\/2-768x576.jpg 768w, https:\/\/w-pokoiku.pl\/wp-content\/uploads\/2026\/01\/2-1536x1152.jpg 1536w, https:\/\/w-pokoiku.pl\/wp-content\/uploads\/2026\/01\/2-80x60.jpg 80w, https:\/\/w-pokoiku.pl\/wp-content\/uploads\/2026\/01\/2.jpg 1600w\" sizes=\"auto, (max-width: 1024px) 100vw, 1024px\" \/><\/figure>\n<\/figure>\n\n\n\n<div class=\"wp-block-group is-vertical is-layout-flex wp-container-core-group-is-layout-8cf370e7 wp-block-group-is-layout-flex\">\n<p><strong>Dla kogo?<\/strong><\/p>\n\n\n\n<div class=\"wp-block-group is-vertical is-layout-flex wp-container-core-group-is-layout-8cf370e7 wp-block-group-is-layout-flex\">\n<p>&#8211; Dla os\u00f3b, kt\u00f3re chc\u0105 samodzielnie, od pocz\u0105tku do ko\u0144ca wzi\u0105\u0107 odpowiedzialno\u015b\u0107 za swoj\u0105 przestrze\u0144 ale &#8230; no w\u0142a\u015bnie, jest jakie\u015b &#8222;<em>ale<\/em>&#8222;<\/p>\n\n\n\n<p>&#8211; Dla os\u00f3b, kt\u00f3re nie potrafi\u0105 zdecydowa\u0107 si\u0119 na jedn\u0105 z kilku opcji &#8230;<\/p>\n\n\n\n<p>&#8211; Dla os\u00f3b, kt\u00f3re chcia\u0142by zobaczy\u0107 swoje wn\u0119trze, zanim podejm\u0105 ostateczna decyzj\u0119&#8230;<\/p>\n<\/div>\n<\/div>\n\n\n\n<div class=\"wp-block-group is-vertical is-layout-flex wp-container-core-group-is-layout-8cf370e7 wp-block-group-is-layout-flex\">\n<p><\/p>\n\n\n\n<p><strong>Co otrzymasz?<\/strong><\/p>\n\n\n\n<div class=\"wp-block-group is-vertical is-layout-flex wp-container-core-group-is-layout-8cf370e7 wp-block-group-is-layout-flex\">\n<p>&#8211; Dwa rzuty koncepcyjne (widok pomieszcze\u0144 z g\u00f3ry) wg. w\u0142asnego pomys\u0142u lub wg. propozycji projektanta<\/p>\n\n\n\n<p>&#8211; Dwie wizualizacje 3D (zdj\u0119cia z projektowanej przestrzeni) wykonane w dw\u00f3ch wersjach np. kolorystycznych (r\u00f3\u017cny dob\u00f3r kolor\u00f3w pod\u0142\u00f3g, \u015bcian czy mebli)<\/p>\n\n\n\n<p>wg. w\u0142asnego pomys\u0142u lub propozycji projektanta<\/p>\n<\/div>\n<\/div>\n\n\n\n<div class=\"wp-block-group is-vertical is-layout-flex wp-container-core-group-is-layout-8cf370e7 wp-block-group-is-layout-flex\">\n<p><\/p>\n\n\n\n<p><strong>Co zyskasz?<\/strong><\/p>\n\n\n\n<p>&#8211; Zobaczysz swoj\u0105 wymarzon\u0105 przestrze\u0144 zanim j\u0105 zrealizujesz<\/p>\n\n\n\n<p>&#8211; Dostrze\u017cesz ewentualne &#8222;mankamenty&#8221; i dzi\u0119ki temu nie pope\u0142nisz b\u0142\u0119du<\/p>\n\n\n\n<p>przy realizacji<\/p>\n\n\n\n<p>&#8211; Zrobisz pierwszy krok aby osi\u0105gn\u0105\u0107 sw\u00f3j cel.<\/p>\n<\/div>\n\n\n\n<div class=\"wp-block-group is-vertical is-layout-flex wp-container-core-group-is-layout-8cf370e7 wp-block-group-is-layout-flex\">\n<p><\/p>\n\n\n\n<p><strong>Czego nie otrzymasz?<\/strong><\/p>\n\n\n\n<p>&#8211; Projektu technicznego dla wykonawc\u00f3w<\/p>\n\n\n\n<p>&#8211; Harmonogramu prac<\/p>\n\n\n\n<p>&#8211; Kosztorysu<\/p>\n\n\n\n<p><\/p>\n\n\n\n<p>                             <em> Zapewne \u015bwietnie poradzisz sobie z tym sam<\/em> \ud83d\ude0a<\/p>\n<\/div>\n\n\n\n<p><\/p>\n\n\n\n<p><\/p>\n\n\n\n<p class=\"has-medium-font-size\"><strong>\u201eOD POMYS\u0141U DO PROJEKTU\u201d<\/strong><\/p>\n\n\n\n<figure class=\"wp-block-gallery has-nested-images columns-default is-cropped wp-block-gallery-2 is-layout-flex wp-block-gallery-is-layout-flex\">\n<figure class=\"wp-block-image size-large\"><img loading=\"lazy\" decoding=\"async\" width=\"1024\" height=\"768\" data-id=\"1781\" src=\"https:\/\/w-pokoiku.pl\/wp-content\/uploads\/2026\/01\/1-1024x768.jpg\" alt=\"projektowanie wnetrz\" class=\"wp-image-1781\" srcset=\"https:\/\/w-pokoiku.pl\/wp-content\/uploads\/2026\/01\/1-1024x768.jpg 1024w, https:\/\/w-pokoiku.pl\/wp-content\/uploads\/2026\/01\/1-500x375.jpg 500w, https:\/\/w-pokoiku.pl\/wp-content\/uploads\/2026\/01\/1-300x225.jpg 300w, https:\/\/w-pokoiku.pl\/wp-content\/uploads\/2026\/01\/1-768x576.jpg 768w, https:\/\/w-pokoiku.pl\/wp-content\/uploads\/2026\/01\/1-1536x1152.jpg 1536w, https:\/\/w-pokoiku.pl\/wp-content\/uploads\/2026\/01\/1-80x60.jpg 80w, https:\/\/w-pokoiku.pl\/wp-content\/uploads\/2026\/01\/1.jpg 1600w\" sizes=\"auto, (max-width: 1024px) 100vw, 1024px\" \/><\/figure>\n\n\n\n<figure class=\"wp-block-image size-large\"><img loading=\"lazy\" decoding=\"async\" width=\"1024\" height=\"768\" data-id=\"1782\" src=\"https:\/\/w-pokoiku.pl\/wp-content\/uploads\/2026\/01\/3-1024x768.jpg\" alt=\"projektowanie wnetrz\" class=\"wp-image-1782\" srcset=\"https:\/\/w-pokoiku.pl\/wp-content\/uploads\/2026\/01\/3-1024x768.jpg 1024w, https:\/\/w-pokoiku.pl\/wp-content\/uploads\/2026\/01\/3-500x375.jpg 500w, https:\/\/w-pokoiku.pl\/wp-content\/uploads\/2026\/01\/3-300x225.jpg 300w, https:\/\/w-pokoiku.pl\/wp-content\/uploads\/2026\/01\/3-768x576.jpg 768w, https:\/\/w-pokoiku.pl\/wp-content\/uploads\/2026\/01\/3-1536x1152.jpg 1536w, https:\/\/w-pokoiku.pl\/wp-content\/uploads\/2026\/01\/3-80x60.jpg 80w, https:\/\/w-pokoiku.pl\/wp-content\/uploads\/2026\/01\/3.jpg 1600w\" sizes=\"auto, (max-width: 1024px) 100vw, 1024px\" \/><\/figure>\n<\/figure>\n\n\n\n<div class=\"wp-block-group is-vertical is-layout-flex wp-container-core-group-is-layout-8cf370e7 wp-block-group-is-layout-flex\">\n<p><strong>Dla kogo?<\/strong><\/p>\n\n\n\n<p>&#8211; Dla os\u00f3b, kt\u00f3re chc\u0105 podj\u0105\u0107 wszystkie decyzje zanim rozpoczn\u0105 prace remontowe<\/p>\n\n\n\n<p>&#8211; Dla os\u00f3b, kt\u00f3re chc\u0105 zrealizowa\u0107 swoje marzenie w wyznaczonym bud\u017cecie<\/p>\n\n\n\n<p>&#8211; Dla os\u00f3b, kt\u00f3re b\u0119d\u0105 realizowa\u0107 sw\u00f3j plan samodzielnie i chc\u0105 unikn\u0105\u0107 b\u0142\u0119d\u00f3w<\/p>\n\n\n\n<p>&#8211; Dla os\u00f3b, kt\u00f3re b\u0119d\u0105 realizowa\u0107 swoje marzenia etapami i chc\u0105 unikn\u0105\u0107 wiecznych poprawek.<\/p>\n<\/div>\n\n\n\n<div class=\"wp-block-group is-vertical is-layout-flex wp-container-core-group-is-layout-8cf370e7 wp-block-group-is-layout-flex\">\n<p><\/p>\n\n\n\n<p><strong>Co otrzymasz?<\/strong><\/p>\n\n\n\n<p>&#8211; Dwie koncepcje projektowe i pomoc w wyborze w\u0142a\u015bciwego dla Ciebie wariantu<\/p>\n\n\n\n<p>&#8211; Wizualizacj\u0119 3D (zdj\u0119cia z projektowanej przestrzeni)<\/p>\n\n\n\n<p>&#8211; Zestawienia wszystkich materia\u0142\u00f3w i sprz\u0119t\u00f3w niezb\u0119dnych do zrealizowania projektu (z proponowan\u0105 list\u0105 sklep\u00f3w)<\/p>\n\n\n\n<p>&#8211; Kompletny projekt wn\u0119trza z rysunkami technicznymi dla poszczeg\u00f3lnych wykonawc\u00f3w (instalatora, posadzkarza, stolarza)<\/p>\n<\/div>\n\n\n\n<div class=\"wp-block-group is-vertical is-layout-flex wp-container-core-group-is-layout-8cf370e7 wp-block-group-is-layout-flex\">\n<p><\/p>\n\n\n\n<p><strong>Co zyskasz?<\/strong><\/p>\n\n\n\n<p>&#8211; Plan dzia\u0142ania na ca\u0142y przewidywany remont (ca\u0142o\u015bciowy lub etapowy)<\/p>\n\n\n\n<p>&#8211; Projekt gotowy do zrealizowania &#8211; bo mieszcz\u0105cy si\u0119 w bud\u017cecie<\/p>\n\n\n\n<p>&#8211; Mo\u017cliwo\u015b\u0107 samodzielnego nadzorowania prac (lub samodzielnego ich prowadzenia) bez pope\u0142niania b\u0142\u0119d\u00f3w<\/p>\n\n\n\n<p>&#8211; Osi\u0105gniesz cel &#8211; a niemal wszystko w\u0142asnymi si\u0142ami<\/p>\n<\/div>\n\n\n\n<div class=\"wp-block-group is-vertical is-layout-flex wp-container-core-group-is-layout-8cf370e7 wp-block-group-is-layout-flex\">\n<p><\/p>\n\n\n\n<p><strong>Czego nie otrzymasz?<\/strong><\/p>\n\n\n\n<p>&#8211; Wsp\u00f3lnych zakup\u00f3w z projektantem<\/p>\n\n\n\n<p>&#8211; Koordynacji dostaw, zakup\u00f3w i zam\u00f3wie\u0144<\/p>\n\n\n\n<p>&#8211; Nadzoru nad prowadzonymi pracami remontowymi<\/p>\n<\/div>\n\n\n\n<p><\/p>\n\n\n\n<p>                                              <em>Ale to wszystko mo\u017cesz zrobi\u0107 sam, je\u015bli tylko mocno chcesz<\/em> \ud83d\ude09<\/p>\n\n\n\n<p><\/p>\n\n\n\n<p><\/p>\n\n\n\n<p class=\"has-medium-font-size\"><strong>\u201eOD POMYS\u0141U DO REALIZACJI\u201d<\/strong><\/p>\n\n\n\n<figure class=\"wp-block-gallery has-nested-images columns-default is-cropped wp-block-gallery-3 is-layout-flex wp-block-gallery-is-layout-flex\">\n<figure class=\"wp-block-image size-large\"><img loading=\"lazy\" decoding=\"async\" width=\"1024\" height=\"576\" data-id=\"1783\" src=\"https:\/\/w-pokoiku.pl\/wp-content\/uploads\/2026\/01\/kuchnia-1-1024x576.jpg\" alt=\"projektowanie wnetrz\" class=\"wp-image-1783\" srcset=\"https:\/\/w-pokoiku.pl\/wp-content\/uploads\/2026\/01\/kuchnia-1-1024x576.jpg 1024w, https:\/\/w-pokoiku.pl\/wp-content\/uploads\/2026\/01\/kuchnia-1-500x281.jpg 500w, https:\/\/w-pokoiku.pl\/wp-content\/uploads\/2026\/01\/kuchnia-1-300x169.jpg 300w, https:\/\/w-pokoiku.pl\/wp-content\/uploads\/2026\/01\/kuchnia-1-768x432.jpg 768w, https:\/\/w-pokoiku.pl\/wp-content\/uploads\/2026\/01\/kuchnia-1-1536x864.jpg 1536w, https:\/\/w-pokoiku.pl\/wp-content\/uploads\/2026\/01\/kuchnia-1-2048x1152.jpg 2048w, https:\/\/w-pokoiku.pl\/wp-content\/uploads\/2026\/01\/kuchnia-1-107x60.jpg 107w\" sizes=\"auto, (max-width: 1024px) 100vw, 1024px\" \/><\/figure>\n\n\n\n<figure class=\"wp-block-image size-large\"><img loading=\"lazy\" decoding=\"async\" width=\"1024\" height=\"771\" data-id=\"1573\" src=\"https:\/\/w-pokoiku.pl\/wp-content\/uploads\/2025\/05\/IMG20250506112713-1024x771.jpg\" alt=\"projektowanie wnetrz\" class=\"wp-image-1573\" srcset=\"https:\/\/w-pokoiku.pl\/wp-content\/uploads\/2025\/05\/IMG20250506112713-1024x771.jpg 1024w, https:\/\/w-pokoiku.pl\/wp-content\/uploads\/2025\/05\/IMG20250506112713-500x376.jpg 500w, https:\/\/w-pokoiku.pl\/wp-content\/uploads\/2025\/05\/IMG20250506112713-300x226.jpg 300w, https:\/\/w-pokoiku.pl\/wp-content\/uploads\/2025\/05\/IMG20250506112713-768x578.jpg 768w, https:\/\/w-pokoiku.pl\/wp-content\/uploads\/2025\/05\/IMG20250506112713-1536x1157.jpg 1536w, https:\/\/w-pokoiku.pl\/wp-content\/uploads\/2025\/05\/IMG20250506112713-2048x1542.jpg 2048w, https:\/\/w-pokoiku.pl\/wp-content\/uploads\/2025\/05\/IMG20250506112713-80x60.jpg 80w\" sizes=\"auto, (max-width: 1024px) 100vw, 1024px\" \/><\/figure>\n<\/figure>\n\n\n\n<div class=\"wp-block-group is-vertical is-layout-flex wp-container-core-group-is-layout-8cf370e7 wp-block-group-is-layout-flex\">\n<p><strong>Dla kogo?<\/strong><\/p>\n\n\n\n<p>&#8211; Dla os\u00f3b, kt\u00f3re nie maj\u0105 czasu \u017ceby zaj\u0119\u0107 si\u0119 wszystkim<\/p>\n\n\n\n<p>&#8211; Dla os\u00f3b, kt\u00f3re chc\u0105 chc\u0105 wej\u015b\u0107 na gotowe mieszkanie i nie martwi\u0107 si\u0119 o wszystko<\/p>\n\n\n\n<p>&#8211; Dla os\u00f3b, kt\u00f3re nie maj\u0105 si\u0142y na pilnowanie wykonawc\u00f3w i zam\u00f3wie\u0144<\/p>\n\n\n\n<p>&#8211; Dla os\u00f3b, kt\u00f3re mog\u0105 nadzorowa\u0107 wszystko zdalnie np. ze wzgl\u0119du na prac\u0119 za granic\u0105.<\/p>\n<\/div>\n\n\n\n<div class=\"wp-block-group is-vertical is-layout-flex wp-container-core-group-is-layout-8cf370e7 wp-block-group-is-layout-flex\">\n<p><\/p>\n\n\n\n<p><strong>Co otrzymasz?<\/strong><\/p>\n\n\n\n<p>&#8211; Pe\u0142n\u0105 dokumentacj\u0119 projektow\u0105 wraz z wizualizacj\u0105 3D (zdj\u0119cia z projektowanej przestrzeni) i rysunkami technicznymi dla wykonawc\u00f3w<\/p>\n\n\n\n<p>&#8211; Zakupy z projektantem w wybranych sklepach (zakres do ustalenia)<\/p>\n\n\n\n<p>&#8211; Zestawienia wszystkich materia\u0142\u00f3w i sprz\u0119t\u00f3w niezb\u0119dnych do zrealizowania projektu wraz z kosztorysem<\/p>\n\n\n\n<p>&#8211; Nadz\u00f3r projektowy nad wykonawcami (zakres do ustalenia)<\/p>\n\n\n\n<p>&#8211; Szczeg\u00f3\u0142owo okre\u015blone warunki wsp\u00f3\u0142pracy<\/p>\n\n\n\n<p>&#8211; A wszystko rozpocznie si\u0119 od dw\u00f3ch koncepcji projektowych &#8211; \u017ceby\u015b m\u00f3g\u0142 wybra\u0107<\/p>\n<\/div>\n\n\n\n<div class=\"wp-block-group is-vertical is-layout-flex wp-container-core-group-is-layout-8cf370e7 wp-block-group-is-layout-flex\">\n<p><\/p>\n\n\n\n<p><strong>Co zyskasz?<\/strong><\/p>\n\n\n\n<p>&#8211; Spokojny sen &#8211; bo wszystko b\u0119dzie dopi\u0119te na ostatni guzik<\/p>\n\n\n\n<p>&#8211; Mo\u017cliwo\u015b\u0107 nadzoru prac, monitoringu &#8211; a wszystko zdalnie<\/p>\n\n\n\n<p>&#8211; Osi\u0105gniesz cel i wymarzon\u0105 przestrze\u0144 bez niepotrzebnego stresu<\/p>\n<\/div>\n\n\n\n<div class=\"wp-block-group is-vertical is-layout-flex wp-container-core-group-is-layout-8cf370e7 wp-block-group-is-layout-flex\">\n<p><\/p>\n\n\n\n<p><strong>Czego nie otrzymasz?<\/strong><\/p>\n\n\n\n<p>&#8211; Dyspozycyjno\u015bci projektanta 24h\/dob\u0119<\/p>\n\n\n\n<p><em>Wzajemny szacunek to podstawa dobrej wsp\u00f3\u0142pracy<\/em>  \u263a\ufe0f<\/p>\n<\/div>\n\n\n\n<p><\/p>\n\n\n\n<p><\/p>\n\n\n\n<p class=\"has-text-align-center has-medium-font-size\">Zapraszam Ci\u0119 do wsp\u00f3\u0142pracy<\/p>\n\n\n\n<figure class=\"wp-block-image size-large\"><img loading=\"lazy\" decoding=\"async\" width=\"1024\" height=\"1011\" src=\"https:\/\/w-pokoiku.pl\/wp-content\/uploads\/2026\/01\/IMG-20251230-WA00052-1024x1011.jpg\" alt=\"projektowanie wnetrz\" class=\"wp-image-1759\" srcset=\"https:\/\/w-pokoiku.pl\/wp-content\/uploads\/2026\/01\/IMG-20251230-WA00052-1024x1011.jpg 1024w, https:\/\/w-pokoiku.pl\/wp-content\/uploads\/2026\/01\/IMG-20251230-WA00052-500x494.jpg 500w, https:\/\/w-pokoiku.pl\/wp-content\/uploads\/2026\/01\/IMG-20251230-WA00052-300x296.jpg 300w, https:\/\/w-pokoiku.pl\/wp-content\/uploads\/2026\/01\/IMG-20251230-WA00052-768x758.jpg 768w, https:\/\/w-pokoiku.pl\/wp-content\/uploads\/2026\/01\/IMG-20251230-WA00052-61x60.jpg 61w, https:\/\/w-pokoiku.pl\/wp-content\/uploads\/2026\/01\/IMG-20251230-WA00052.jpg 1200w\" sizes=\"auto, (max-width: 1024px) 100vw, 1024px\" \/><\/figure>\n\n\n\n<p class=\"has-text-align-center has-medium-font-size\">Emilia \u0141\u0105tkowska<\/p>\n\n\n\n<p>\ud83d\udcde <strong>tel.:<\/strong> 795 160 480<\/p>\n\n\n\n<p>\ud83d\udcbb <strong>email:<\/strong> wpokoiku.pp@gmail.com<\/p>\n\n\n\n<p>Powr\u00f3t do <a href=\"https:\/\/w-pokoiku.pl\/\">strona g\u0142\u00f3wna<\/a><\/p>\n\n\n\n<p><\/p>\n","protected":false},"excerpt":{"rendered":"<p>\u201eOD POMYS\u0141U DO KONCEPCJI\u201d Dla kogo? &#8211; Dla os\u00f3b, kt\u00f3re chc\u0105 samodzielnie, od pocz\u0105tku do ko\u0144ca wzi\u0105\u0107 odpowiedzialno\u015b\u0107 za swoj\u0105 przestrze\u0144 ale &#8230; no w\u0142a\u015bnie, jest jakie\u015b &#8222;ale&#8222; &#8211; Dla os\u00f3b, kt\u00f3re nie potrafi\u0105 zdecydowa\u0107 si\u0119 na jedn\u0105 z kilku opcji &#8230; &#8211; Dla os\u00f3b, kt\u00f3re chcia\u0142by zobaczy\u0107 swoje wn\u0119trze, zanim podejm\u0105 ostateczna decyzj\u0119&#8230; Co &hellip; <\/p>\n","protected":false},"author":2,"featured_media":1752,"parent":0,"menu_order":0,"comment_status":"closed","ping_status":"closed","template":"","meta":{"footnotes":""},"class_list":["post-143","page","type-page","status-publish","has-post-thumbnail","hentry"],"_links":{"self":[{"href":"https:\/\/w-pokoiku.pl\/index.php\/wp-json\/wp\/v2\/pages\/143","targetHints":{"allow":["GET"]}}],"collection":[{"href":"https:\/\/w-pokoiku.pl\/index.php\/wp-json\/wp\/v2\/pages"}],"about":[{"href":"https:\/\/w-pokoiku.pl\/index.php\/wp-json\/wp\/v2\/types\/page"}],"author":[{"embeddable":true,"href":"https:\/\/w-pokoiku.pl\/index.php\/wp-json\/wp\/v2\/users\/2"}],"replies":[{"embeddable":true,"href":"https:\/\/w-pokoiku.pl\/index.php\/wp-json\/wp\/v2\/comments?post=143"}],"version-history":[{"count":51,"href":"https:\/\/w-pokoiku.pl\/index.php\/wp-json\/wp\/v2\/pages\/143\/revisions"}],"predecessor-version":[{"id":1813,"href":"https:\/\/w-pokoiku.pl\/index.php\/wp-json\/wp\/v2\/pages\/143\/revisions\/1813"}],"wp:featuredmedia":[{"embeddable":true,"href":"https:\/\/w-pokoiku.pl\/index.php\/wp-json\/wp\/v2\/media\/1752"}],"wp:attachment":[{"href":"https:\/\/w-pokoiku.pl\/index.php\/wp-json\/wp\/v2\/media?parent=143"}],"curies":[{"name":"wp","href":"https:\/\/api.w.org\/{rel}","templated":true}]}}